{"id":1761,"date":"2020-05-23T15:51:50","date_gmt":"2020-05-23T13:51:50","guid":{"rendered":"http:\/\/damiensaugues.ovh\/?page_id=1761"},"modified":"2020-05-23T15:51:50","modified_gmt":"2020-05-23T13:51:50","slug":"expression-directe","status":"publish","type":"page","link":"https:\/\/damiensaugues.ovh\/index.php\/expression-directe\/","title":{"rendered":"expression directe"},"content":{"rendered":"<div id=\"pl-1761\"  class=\"panel-layout\" ><div id=\"pg-1761-0\"  class=\"panel-grid panel-has-style\" ><div style=\"border-bottom: 1px solid #ddc133;padding: 50px 0; \" data-overlay=\"true\" data-overlay-color=\"#000000\" class=\"panel-row-style panel-row-style-for-1761-0\" ><div id=\"pgc-1761-0-0\"  class=\"panel-grid-cell\" ><div id=\"panel-1761-0-0-0\" class=\"so-panel widget widget_sow-editor panel-first-child panel-last-child\" data-index=\"0\" ><div style=\"text-align: center;\" data-title-color=\"#ffffff\" data-headings-color=\"#443f3f\" class=\"panel-widget-style panel-widget-style-for-1761-0-0-0\" ><div class=\"so-widget-sow-editor so-widget-sow-editor-base\"><h3 class=\"widget-title\">Expression directe<\/h3>\n<div class=\"siteorigin-widget-tinymce textwidget\">\n\t<div class=\"siteorigin-widget-tinymce textwidget\">&nbsp;<\/div>\n<\/div>\n<\/div><\/div><\/div><\/div><\/div><\/div><div id=\"pg-1761-1\"  class=\"panel-grid panel-has-style\" ><div style=\"border-bottom: 1px solid #ddc133;text-align: center;padding: 25px 0; \" data-overlay=\"true\" data-overlay-color=\"#000000\" class=\"panel-row-style panel-row-style-for-1761-1\" ><div id=\"pgc-1761-1-0\"  class=\"panel-grid-cell\" ><div id=\"panel-1761-1-0-0\" class=\"so-panel widget widget_sow-editor panel-first-child panel-last-child\" data-index=\"1\" ><div style=\"text-align: left;\" data-title-color=\"#000000\" data-headings-color=\"#ffffff\" class=\"panel-widget-style panel-widget-style-for-1761-1-0-0\" ><div class=\"so-widget-sow-editor so-widget-sow-editor-base\"><h3 class=\"widget-title\">cfdt carrefour<\/h3>\n<div class=\"siteorigin-widget-tinymce textwidget\">\n\t<div class=\"textwidget\">\n<p><img loading=\"lazy\" class=\"alignnone wp-image-1760 size-large\" src=\"http:\/\/damiensaugues.ovh\/wp-content\/uploads\/2020\/05\/280px-Expression_directe_logo-1024x576.png\" alt=\"\" width=\"1024\" height=\"576\" srcset=\"https:\/\/damiensaugues.ovh\/wp-content\/uploads\/2020\/05\/280px-Expression_directe_logo-1024x576.png 1024w, https:\/\/damiensaugues.ovh\/wp-content\/uploads\/2020\/05\/280px-Expression_directe_logo-300x169.png 300w, https:\/\/damiensaugues.ovh\/wp-content\/uploads\/2020\/05\/280px-Expression_directe_logo-768x432.png 768w, https:\/\/damiensaugues.ovh\/wp-content\/uploads\/2020\/05\/280px-Expression_directe_logo-830x467.png 830w, https:\/\/damiensaugues.ovh\/wp-content\/uploads\/2020\/05\/280px-Expression_directe_logo-230x129.png 230w, https:\/\/damiensaugues.ovh\/wp-content\/uploads\/2020\/05\/280px-Expression_directe_logo-350x197.png 350w, https:\/\/damiensaugues.ovh\/wp-content\/uploads\/2020\/05\/280px-Expression_directe_logo-480x270.png 480w, https:\/\/damiensaugues.ovh\/wp-content\/uploads\/2020\/05\/280px-Expression_directe_logo.png 1280w\" sizes=\"(max-width: 1024px) 100vw, 1024px\" \/><\/p>\n<p>Emission \"Expression directe\"<\/p>\n<p>France t\u00e9l\u00e9vision<\/p>\n<p>Cadre et lumi\u00e8re \/ Sony FS7\/ 2019<\/p>\n<\/div>\n<\/div>\n<\/div><\/div><\/div><\/div><div id=\"pgc-1761-1-1\"  class=\"panel-grid-cell\" ><div id=\"panel-1761-1-1-0\" class=\"so-panel widget widget_sydney_video_widget sydney_video_widget_widget panel-first-child panel-last-child\" data-index=\"2\" ><div style=\"text-align: center;\" data-title-color=\"#443f3f\" data-headings-color=\"#443f3f\" class=\"panel-widget-style panel-widget-style-for-1761-1-1-0\" ><div class=\"sydney-video vid-lightbox\"><div class=\"video-overlay\"><div class=\"sydney-video-inner\"><span class=\"close-popup\"><i class=\"fa fa-times\"><\/i><\/span><iframe title=\"Expression directe  France t\u00e9l\u00e9vision cfdt  2019\" width=\"1170\" height=\"658\" src=\"https:\/\/www.youtube.com\/embed\/E7x0HElBWdA?feature=oembed\" frameborder=\"0\" allow=\"accelerometer; autoplay; clipboard-write; encrypted-media; gyroscope; picture-in-picture; web-share\" referrerpolicy=\"strict-origin-when-cross-origin\" allowfullscreen><\/iframe><\/div><\/div><div class=\"video-text\">Cliquez :<\/div><a href=\"#\" class=\"toggle-popup\"><i class=\"fa fa-play\"><\/i><\/a><\/div><\/div><\/div><\/div><\/div><\/div><\/div>","protected":false},"excerpt":{"rendered":"<p>&nbsp; Emission \u00ab\u00a0Expression directe\u00a0\u00bb France t\u00e9l\u00e9vision Cadre et lumi\u00e8re \/ Sony FS7\/ 2019<\/p>\n","protected":false},"author":1,"featured_media":0,"parent":0,"menu_order":0,"comment_status":"closed","ping_status":"closed","template":"page-templates\/page_front-page.php","meta":[],"_links":{"self":[{"href":"https:\/\/damiensaugues.ovh\/index.php\/wp-json\/wp\/v2\/pages\/1761"}],"collection":[{"href":"https:\/\/damiensaugues.ovh\/index.php\/wp-json\/wp\/v2\/pages"}],"about":[{"href":"https:\/\/damiensaugues.ovh\/index.php\/wp-json\/wp\/v2\/types\/page"}],"author":[{"embeddable":true,"href":"https:\/\/damiensaugues.ovh\/index.php\/wp-json\/wp\/v2\/users\/1"}],"replies":[{"embeddable":true,"href":"https:\/\/damiensaugues.ovh\/index.php\/wp-json\/wp\/v2\/comments?post=1761"}],"version-history":[{"count":6,"href":"https:\/\/damiensaugues.ovh\/index.php\/wp-json\/wp\/v2\/pages\/1761\/revisions"}],"predecessor-version":[{"id":1767,"href":"https:\/\/damiensaugues.ovh\/index.php\/wp-json\/wp\/v2\/pages\/1761\/revisions\/1767"}],"wp:attachment":[{"href":"https:\/\/damiensaugues.ovh\/index.php\/wp-json\/wp\/v2\/media?parent=1761"}],"curies":[{"name":"wp","href":"https:\/\/api.w.org\/{rel}","templated":true}]}}